{"id":35184,"date":"2021-08-25T12:27:11","date_gmt":"2021-08-25T12:27:11","guid":{"rendered":"https:\/\/be.altares.dev\/?post_type=webinars&#038;p=35184"},"modified":"2024-05-30T16:43:51","modified_gmt":"2024-05-30T14:43:51","slug":"adieu-les-mots-bonjour-les-donnees","status":"publish","type":"webinars","link":"https:\/\/www.altares.be\/fr\/webinars\/geen-woorden-maar-data\/","title":{"rendered":"Adieu les mots, bonjour les donn\u00e9es\u00a0!"},"content":{"rendered":"","protected":false},"excerpt":{"rendered":"<p>Envie de savoir comment nos scores pr\u00e9dictifs s\u2019am\u00e9liorent d\u2019ann\u00e9e en ann\u00e9e depuis maintenant 10 ans, en pleine p\u00e9riode \u00e9conomiquement instable ? Inscrivez-vous \u00e0 notre webinaire \u00ab Adieu les mots, bonjour les donn\u00e9es ! \u00bb.<\/p>","protected":false},"featured_media":47354,"template":"","meta":{"_acf_changed":false,"inline_featured_image":false},"categories":[42],"class_list":["post-35184","webinars","type-webinars","status-publish","has-post-thumbnail","hentry","category-webinar"],"acf":[],"yoast_head":"<!-- This site is optimized with the Yoast SEO plugin v27.3 - https:\/\/yoast.com\/product\/yoast-seo-wordpress\/ -->\n<title>Geen woorden maar DATA! - Altares<\/title>\n<meta name=\"description\" content=\"Wil jij weten hoe onze voorspellende modellen al een decennia lang elk jaar beter worden, juist in economisch uitdagende tijden ? Schrijf je dan nu in voor ons webinar \u201cGeen woorden maar DATA\u201d.\" \/>\n<meta name=\"robots\" content=\"index, follow, max-snippet:-1, max-image-preview:large, max-video-preview:-1\" \/>\n<link rel=\"canonical\" href=\"https:\/\/www.altares.be\/fr\/webinaires\/adieu-les-mots-bonjour-les-donnees\/\" \/>\n<meta property=\"og:locale\" content=\"fr_FR\" \/>\n<meta property=\"og:type\" content=\"article\" \/>\n<meta property=\"og:title\" content=\"Geen woorden maar DATA! - Altares\" \/>\n<meta property=\"og:description\" content=\"Wil jij weten hoe onze voorspellende modellen al een decennia lang elk jaar beter worden, juist in economisch uitdagende tijden ? Schrijf je dan nu in voor ons webinar \u201cGeen woorden maar DATA\u201d.\" \/>\n<meta property=\"og:url\" content=\"https:\/\/www.altares.be\/fr\/webinaires\/adieu-les-mots-bonjour-les-donnees\/\" \/>\n<meta property=\"og:site_name\" content=\"Altares\" \/>\n<meta property=\"article:modified_time\" content=\"2024-05-30T14:43:51+00:00\" \/>\n<meta property=\"og:image\" content=\"https:\/\/www.altares.be\/wp-content\/uploads\/2021\/08\/WebinarDATA.jpg\" \/>\n\t<meta property=\"og:image:width\" content=\"500\" \/>\n\t<meta property=\"og:image:height\" content=\"366\" \/>\n\t<meta property=\"og:image:type\" content=\"image\/jpeg\" \/>\n<meta name=\"twitter:card\" content=\"summary_large_image\" \/>\n<meta name=\"twitter:label1\" content=\"Dur\u00e9e de lecture est.\" \/>\n\t<meta name=\"twitter:data1\" content=\"1 minute\" \/>\n<script type=\"application\/ld+json\" class=\"yoast-schema-graph\">{\"@context\":\"https:\\\/\\\/schema.org\",\"@graph\":[{\"@type\":\"WebPage\",\"@id\":\"https:\\\/\\\/www.altares.be\\\/webinars\\\/geen-woorden-maar-data\\\/\",\"url\":\"https:\\\/\\\/www.altares.be\\\/webinars\\\/geen-woorden-maar-data\\\/\",\"name\":\"Geen woorden maar DATA! - Altares\",\"isPartOf\":{\"@id\":\"https:\\\/\\\/www.altares.be\\\/#website\"},\"primaryImageOfPage\":{\"@id\":\"https:\\\/\\\/www.altares.be\\\/webinars\\\/geen-woorden-maar-data\\\/#primaryimage\"},\"image\":{\"@id\":\"https:\\\/\\\/www.altares.be\\\/webinars\\\/geen-woorden-maar-data\\\/#primaryimage\"},\"thumbnailUrl\":\"https:\\\/\\\/www.altares.be\\\/wp-content\\\/uploads\\\/2021\\\/08\\\/WebinarDATA.jpg\",\"datePublished\":\"2021-08-25T12:27:11+00:00\",\"dateModified\":\"2024-05-30T14:43:51+00:00\",\"description\":\"Wil jij weten hoe onze voorspellende modellen al een decennia lang elk jaar beter worden, juist in economisch uitdagende tijden ? Schrijf je dan nu in voor ons webinar \u201cGeen woorden maar DATA\u201d.\",\"breadcrumb\":{\"@id\":\"https:\\\/\\\/www.altares.be\\\/webinars\\\/geen-woorden-maar-data\\\/#breadcrumb\"},\"inLanguage\":\"fr-BE\",\"potentialAction\":[{\"@type\":\"ReadAction\",\"target\":[\"https:\\\/\\\/www.altares.be\\\/webinars\\\/geen-woorden-maar-data\\\/\"]}]},{\"@type\":\"ImageObject\",\"inLanguage\":\"fr-BE\",\"@id\":\"https:\\\/\\\/www.altares.be\\\/webinars\\\/geen-woorden-maar-data\\\/#primaryimage\",\"url\":\"https:\\\/\\\/www.altares.be\\\/wp-content\\\/uploads\\\/2021\\\/08\\\/WebinarDATA.jpg\",\"contentUrl\":\"https:\\\/\\\/www.altares.be\\\/wp-content\\\/uploads\\\/2021\\\/08\\\/WebinarDATA.jpg\",\"width\":500,\"height\":366},{\"@type\":\"BreadcrumbList\",\"@id\":\"https:\\\/\\\/www.altares.be\\\/webinars\\\/geen-woorden-maar-data\\\/#breadcrumb\",\"itemListElement\":[{\"@type\":\"ListItem\",\"position\":1,\"name\":\"Home\",\"item\":\"https:\\\/\\\/www.altares.be\\\/\"},{\"@type\":\"ListItem\",\"position\":2,\"name\":\"Webinars\",\"item\":\"https:\\\/\\\/www.altares.be\\\/webinars\\\/\"},{\"@type\":\"ListItem\",\"position\":3,\"name\":\"Geen woorden maar DATA!\"}]},{\"@type\":\"WebSite\",\"@id\":\"https:\\\/\\\/www.altares.be\\\/#website\",\"url\":\"https:\\\/\\\/www.altares.be\\\/\",\"name\":\"Altares\",\"description\":\"part of the Dun &amp; Bradstreet worldwide network\",\"publisher\":{\"@id\":\"https:\\\/\\\/www.altares.be\\\/#organization\"},\"potentialAction\":[{\"@type\":\"SearchAction\",\"target\":{\"@type\":\"EntryPoint\",\"urlTemplate\":\"https:\\\/\\\/www.altares.be\\\/?s={search_term_string}\"},\"query-input\":{\"@type\":\"PropertyValueSpecification\",\"valueRequired\":true,\"valueName\":\"search_term_string\"}}],\"inLanguage\":\"fr-BE\"},{\"@type\":\"Organization\",\"@id\":\"https:\\\/\\\/www.altares.be\\\/#organization\",\"name\":\"Altares\",\"url\":\"https:\\\/\\\/www.altares.be\\\/\",\"logo\":{\"@type\":\"ImageObject\",\"inLanguage\":\"fr-BE\",\"@id\":\"https:\\\/\\\/www.altares.be\\\/#\\\/schema\\\/logo\\\/image\\\/\",\"url\":\"https:\\\/\\\/www.altares.be\\\/wp-content\\\/uploads\\\/2021\\\/03\\\/Altares_RGB_liggend.svg\",\"contentUrl\":\"https:\\\/\\\/www.altares.be\\\/wp-content\\\/uploads\\\/2021\\\/03\\\/Altares_RGB_liggend.svg\",\"width\":145.57333,\"height\":20.52,\"caption\":\"Altares\"},\"image\":{\"@id\":\"https:\\\/\\\/www.altares.be\\\/#\\\/schema\\\/logo\\\/image\\\/\"}}]}<\/script>\n<!-- \/ Yoast SEO plugin. -->","yoast_head_json":{"title":"Adieu les mots, bonjour les donn\u00e9es\u00a0! \u2013 Altares","description":"Envie de savoir comment nos scores pr\u00e9dictifs s\u2019am\u00e9liorent d\u2019ann\u00e9e en ann\u00e9e depuis maintenant 10 ans, en pleine p\u00e9riode \u00e9conomiquement instable ? Inscrivez-vous \u00e0 notre webinaire \u00ab Adieu les mots, bonjour les donn\u00e9es ! \u00bb.","robots":{"index":"index","follow":"follow","max-snippet":"max-snippet:-1","max-image-preview":"max-image-preview:large","max-video-preview":"max-video-preview:-1"},"canonical":"https:\/\/www.altares.be\/fr\/webinaires\/adieu-les-mots-bonjour-les-donnees\/","og_locale":"fr_FR","og_type":"article","og_title":"Geen woorden maar DATA! - Altares","og_description":"Wil jij weten hoe onze voorspellende modellen al een decennia lang elk jaar beter worden, juist in economisch uitdagende tijden ? Schrijf je dan nu in voor ons webinar \u201cGeen woorden maar DATA\u201d.","og_url":"https:\/\/www.altares.be\/fr\/webinaires\/adieu-les-mots-bonjour-les-donnees\/","og_site_name":"Altares","article_modified_time":"2024-05-30T14:43:51+00:00","og_image":[{"width":500,"height":366,"url":"https:\/\/www.altares.be\/wp-content\/uploads\/2021\/08\/WebinarDATA.jpg","type":"image\/jpeg"}],"twitter_card":"summary_large_image","twitter_misc":{"Dur\u00e9e de lecture est.":"1 minute"},"schema":{"@context":"https:\/\/schema.org","@graph":[{"@type":"WebPage","@id":"https:\/\/www.altares.be\/webinars\/geen-woorden-maar-data\/","url":"https:\/\/www.altares.be\/webinars\/geen-woorden-maar-data\/","name":"Adieu les mots, bonjour les donn\u00e9es\u00a0! \u2013 Altares","isPartOf":{"@id":"https:\/\/www.altares.be\/#website"},"primaryImageOfPage":{"@id":"https:\/\/www.altares.be\/webinars\/geen-woorden-maar-data\/#primaryimage"},"image":{"@id":"https:\/\/www.altares.be\/webinars\/geen-woorden-maar-data\/#primaryimage"},"thumbnailUrl":"https:\/\/www.altares.be\/wp-content\/uploads\/2021\/08\/WebinarDATA.jpg","datePublished":"2021-08-25T12:27:11+00:00","dateModified":"2024-05-30T14:43:51+00:00","description":"Envie de savoir comment nos scores pr\u00e9dictifs s\u2019am\u00e9liorent d\u2019ann\u00e9e en ann\u00e9e depuis maintenant 10 ans, en pleine p\u00e9riode \u00e9conomiquement instable ? Inscrivez-vous \u00e0 notre webinaire \u00ab Adieu les mots, bonjour les donn\u00e9es ! \u00bb.","breadcrumb":{"@id":"https:\/\/www.altares.be\/webinars\/geen-woorden-maar-data\/#breadcrumb"},"inLanguage":"fr-BE","potentialAction":[{"@type":"ReadAction","target":["https:\/\/www.altares.be\/webinars\/geen-woorden-maar-data\/"]}]},{"@type":"ImageObject","inLanguage":"fr-BE","@id":"https:\/\/www.altares.be\/webinars\/geen-woorden-maar-data\/#primaryimage","url":"https:\/\/www.altares.be\/wp-content\/uploads\/2021\/08\/WebinarDATA.jpg","contentUrl":"https:\/\/www.altares.be\/wp-content\/uploads\/2021\/08\/WebinarDATA.jpg","width":500,"height":366},{"@type":"BreadcrumbList","@id":"https:\/\/www.altares.be\/webinars\/geen-woorden-maar-data\/#breadcrumb","itemListElement":[{"@type":"ListItem","position":1,"name":"Home","item":"https:\/\/www.altares.be\/"},{"@type":"ListItem","position":2,"name":"Webinars","item":"https:\/\/www.altares.be\/webinars\/"},{"@type":"ListItem","position":3,"name":"Geen woorden maar DATA!"}]},{"@type":"WebSite","@id":"https:\/\/www.altares.be\/#website","url":"https:\/\/www.altares.be\/","name":"Altares","description":"partenaire du r\u00e9seau mondial de Dun\u00a0&amp;\u00a0Bradstreet","publisher":{"@id":"https:\/\/www.altares.be\/#organization"},"potentialAction":[{"@type":"SearchAction","target":{"@type":"EntryPoint","urlTemplate":"https:\/\/www.altares.be\/?s={search_term_string}"},"query-input":{"@type":"PropertyValueSpecification","valueRequired":true,"valueName":"search_term_string"}}],"inLanguage":"fr-BE"},{"@type":"Organization","@id":"https:\/\/www.altares.be\/#organization","name":"Altares","url":"https:\/\/www.altares.be\/","logo":{"@type":"ImageObject","inLanguage":"fr-BE","@id":"https:\/\/www.altares.be\/#\/schema\/logo\/image\/","url":"https:\/\/www.altares.be\/wp-content\/uploads\/2021\/03\/Altares_RGB_liggend.svg","contentUrl":"https:\/\/www.altares.be\/wp-content\/uploads\/2021\/03\/Altares_RGB_liggend.svg","width":145.57333,"height":20.52,"caption":"Altares"},"image":{"@id":"https:\/\/www.altares.be\/#\/schema\/logo\/image\/"}}]}},"_links":{"self":[{"href":"https:\/\/www.altares.be\/fr\/wp-json\/wp\/v2\/webinars\/35184","targetHints":{"allow":["GET"]}}],"collection":[{"href":"https:\/\/www.altares.be\/fr\/wp-json\/wp\/v2\/webinars"}],"about":[{"href":"https:\/\/www.altares.be\/fr\/wp-json\/wp\/v2\/types\/webinars"}],"version-history":[{"count":0,"href":"https:\/\/www.altares.be\/fr\/wp-json\/wp\/v2\/webinars\/35184\/revisions"}],"wp:featuredmedia":[{"embeddable":true,"href":"https:\/\/www.altares.be\/fr\/wp-json\/wp\/v2\/media\/47354"}],"wp:attachment":[{"href":"https:\/\/www.altares.be\/fr\/wp-json\/wp\/v2\/media?parent=35184"}],"wp:term":[{"taxonomy":"category","embeddable":true,"href":"https:\/\/www.altares.be\/fr\/wp-json\/wp\/v2\/categories?post=35184"}],"curies":[{"name":"wp","href":"https:\/\/api.w.org\/{rel}","templated":true}]}}

Adieu les mots, bonjour les données !

<p>Envie de savoir comment nos scores prédictifs s’améliorent d’année en année depuis maintenant 10 ans, en pleine période économiquement instable ? Inscrivez-vous à notre webinaire « Adieu les mots, bonjour les données ! ».</p>

<!-- This site is optimized with the Yoast SEO plugin v27.3 - https://yoast.com/product/yoast-seo-wordpress/ -->
<title>Geen woorden maar DATA! - Altares</title>
<meta name="description" content="Wil jij weten hoe onze voorspellende modellen al een decennia lang elk jaar beter worden, juist in economisch uitdagende tijden ? Schrijf je dan nu in voor ons webinar “Geen woorden maar DATA”." />
<meta name="robots" content="index, follow, max-snippet:-1, max-image-preview:large, max-video-preview:-1" />
<link rel="canonical" href="https://www.altares.be/fr/webinaires/adieu-les-mots-bonjour-les-donnees/" />
<meta property="og:locale" content="fr_FR" />
<meta property="og:type" content="article" />
<meta property="og:title" content="Geen woorden maar DATA! - Altares" />
<meta property="og:description" content="Wil jij weten hoe onze voorspellende modellen al een decennia lang elk jaar beter worden, juist in economisch uitdagende tijden ? Schrijf je dan nu in voor ons webinar “Geen woorden maar DATA”." />
<meta property="og:url" content="https://www.altares.be/fr/webinaires/adieu-les-mots-bonjour-les-donnees/" />
<meta property="og:site_name" content="Altares" />
<meta property="article:modified_time" content="2024-05-30T14:43:51+00:00" />
<meta property="og:image" content="https://www.altares.be/wp-content/uploads/2021/08/WebinarDATA.jpg" />
	<meta property="og:image:width" content="500" />
	<meta property="og:image:height" content="366" />
	<meta property="og:image:type" content="image/jpeg" />
<meta name="twitter:card" content="summary_large_image" />
<meta name="twitter:label1" content="Durée de lecture est." />
	<meta name="twitter:data1" content="1 minute" />
<script type="application/ld+json" class="yoast-schema-graph">{"@context":"https:\/\/schema.org","@graph":[{"@type":"WebPage","@id":"https:\/\/www.altares.be\/webinars\/geen-woorden-maar-data\/","url":"https:\/\/www.altares.be\/webinars\/geen-woorden-maar-data\/","name":"Geen woorden maar DATA! - Altares","isPartOf":{"@id":"https:\/\/www.altares.be\/#website"},"primaryImageOfPage":{"@id":"https:\/\/www.altares.be\/webinars\/geen-woorden-maar-data\/#primaryimage"},"image":{"@id":"https:\/\/www.altares.be\/webinars\/geen-woorden-maar-data\/#primaryimage"},"thumbnailUrl":"https:\/\/www.altares.be\/wp-content\/uploads\/2021\/08\/WebinarDATA.jpg","datePublished":"2021-08-25T12:27:11+00:00","dateModified":"2024-05-30T14:43:51+00:00","description":"Wil jij weten hoe onze voorspellende modellen al een decennia lang elk jaar beter worden, juist in economisch uitdagende tijden ? Schrijf je dan nu in voor ons webinar “Geen woorden maar DATA”.","breadcrumb":{"@id":"https:\/\/www.altares.be\/webinars\/geen-woorden-maar-data\/#breadcrumb"},"inLanguage":"fr-BE","potentialAction":[{"@type":"ReadAction","target":["https:\/\/www.altares.be\/webinars\/geen-woorden-maar-data\/"]}]},{"@type":"ImageObject","inLanguage":"fr-BE","@id":"https:\/\/www.altares.be\/webinars\/geen-woorden-maar-data\/#primaryimage","url":"https:\/\/www.altares.be\/wp-content\/uploads\/2021\/08\/WebinarDATA.jpg","contentUrl":"https:\/\/www.altares.be\/wp-content\/uploads\/2021\/08\/WebinarDATA.jpg","width":500,"height":366},{"@type":"BreadcrumbList","@id":"https:\/\/www.altares.be\/webinars\/geen-woorden-maar-data\/#breadcrumb","itemListElement":[{"@type":"ListItem","position":1,"name":"Home","item":"https:\/\/www.altares.be\/"},{"@type":"ListItem","position":2,"name":"Webinars","item":"https:\/\/www.altares.be\/webinars\/"},{"@type":"ListItem","position":3,"name":"Geen woorden maar DATA!"}]},{"@type":"WebSite","@id":"https:\/\/www.altares.be\/#website","url":"https:\/\/www.altares.be\/","name":"Altares","description":"part of the Dun &amp; Bradstreet worldwide network","publisher":{"@id":"https:\/\/www.altares.be\/#organization"},"potentialAction":[{"@type":"SearchAction","target":{"@type":"EntryPoint","urlTemplate":"https:\/\/www.altares.be\/?s={search_term_string}"},"query-input":{"@type":"PropertyValueSpecification","valueRequired":true,"valueName":"search_term_string"}}],"inLanguage":"fr-BE"},{"@type":"Organization","@id":"https:\/\/www.altares.be\/#organization","name":"Altares","url":"https:\/\/www.altares.be\/","logo":{"@type":"ImageObject","inLanguage":"fr-BE","@id":"https:\/\/www.altares.be\/#\/schema\/logo\/image\/","url":"https:\/\/www.altares.be\/wp-content\/uploads\/2021\/03\/Altares_RGB_liggend.svg","contentUrl":"https:\/\/www.altares.be\/wp-content\/uploads\/2021\/03\/Altares_RGB_liggend.svg","width":145.57333,"height":20.52,"caption":"Altares"},"image":{"@id":"https:\/\/www.altares.be\/#\/schema\/logo\/image\/"}}]}</script>
<!-- / Yoast SEO plugin. -->

Adieu les mots, bonjour les données ! – Altares

Envie de savoir comment nos scores prédictifs s’améliorent d’année en année depuis maintenant 10 ans, en pleine période économiquement instable ? Inscrivez-vous à notre webinaire « Adieu les mots, bonjour les données ! ».

partenaire du réseau mondial de Dun &amp; Bradstreet
